-g**3 - 4*g**2 + 2*g - 2. Suppose 0 + 5 = -h. Let m be i(h). Suppose -d = m - 64. Is d a prime number?
False
Suppose 3*o - 2*i = 4425 + 3278, 7699 = 3*o - 4*i. Is o a prime number?
False
Let t(h) = -h**2 - 9*h. Let u be t(-10). Let w be (-14)/u + (-4)/10. Is (w/((-3)/(-402)))/2 a prime number?
True
Let m(i) be the third derivative of 11*i**4/8 - 3*i**2. Let v be m(2). Suppose -2*c - c = -v. Is c composite?
True
Suppose 0 = -2*l - 3*u + 12 + 17, -4*u + 20 = 0. Suppose l*v - 3*v = 0. Is v - 4/(-6)*93 composite?
True
Suppose 0 = 5*o - 351 - 2144. Is o a prime number?
True
Let q(c) = 1132*c - 21. Is q(5) a prime number?
True
Suppose 0 = -4*t - d + 2080, 1058 = 2*t - 2*d - 2*d. Is t composite?
False
Let m = 3 - 12. Is ((-132)/8)/(m/12) a prime number?
False
Suppose -2*c - q = -4, 2*c + 16 = -3*q + 7*q. Suppose 5*x - 4 - 181 = c. Suppose 4*w + x = 305. Is w composite?
False
Let l(h) = -9*h - 5. Let o(f) = -f**2 - f + f - 9*f**2. Let c be o(1). Is l(c) composite?
True
Suppose -1754 = -2*k + i - 605, -5*k + 4*i + 2877 = 0. Is k a prime number?
False
Is 3/15 + (-26348)/(-35) a composite number?
True
Let n(i) = i**2 - 9*i - 6. Let q be n(-6). Suppose -3*x = -q - 471. Is x a prime number?
False
Let g(t) = -t**3 + t**2 - t - 8. Let v be g(0). Let f = v - -30. Suppose -14 = -k - 2*i, -4*i + f = 4*k - 3*k. Is k composite?
True
Suppose 0*j - 5*j + 25 = 0, -4*g = -3*j + 31. Is g/(-10) + 383/5 a prime number?
False
Let c be 3 + -2 - (0 - 2). Suppose c*f + 19 = 112. Is f a composite number?
False
Is (-3)/(-2)*846/27 composite?
False
Suppose -d + 4*l - 21 - 4 = 0, 0 = d + 3*l + 25. Is 22/(-4)*(d + -9) a prime number?
False
Let k = -11 + 15. Suppose s - 16630 = -k*s. Is s/18 - (-4)/18 a prime number?
False
Let b = -6 - -8. Suppose -2*h + 1140 = 4*t, 0*t - b*h + 288 = t. Suppose -24 = 4*m - t. Is m prime?
False
Suppose m - 4*m + 5*z + 2207 = 0, -2*z = -5*m + 3691. Is m a composite number?
False
Let k be -6*(1 + 4)/(-10). Let t(q) = 5*q**3 + q**2 - 5*q + 4. Let z(y) = -4*y**3 - y**2 + 4*y - 3. Let j(m) = -3*t(m) - 4*z(m). Is j(k) a prime number?
False
Let g be -2 - (78 - (-1 - 3)). Let h(w) = 34*w - 1. Let p be h(-7). Let z = g - p. Is z a prime number?
False
Suppose -4*h + 9*h - 3070 = 0. Is h a prime number?
False
Let g(h) = -7*h**3 - h**2. Let n be g(-1). Suppose 3*r = n*r - 21. Is r a composite number?
False
Let m(h) = 41*h**3 - 2*h**2 + h. Let z be m(1). Is ((-16)/z)/((-2)/10) a composite number?
False
Suppose 7*z - 3*z = 524. Is z composite?
False
Let l(f) = -f**2 + 6*f + 11. Let p be l(8). Let g = -3 - p. Is 62/(1/(g/4)) prime?
True
Suppose 0*t - 41 = -w - 3*t, 2*t = 5*w - 120. Let q(u) = -u**3 + 4*u**2 + u - 3. Let j be q(3). Suppose j = n - w. Is n a composite number?
True
Suppose 3*n - 334 = 4925. Is n a prime number?
True
Let s(k) = 3*k**2 - 3*k + 1. Is s(6) prime?
False
Let p(f) = f**3 - 12*f**2 + 4. Suppose 5*n - 4*r - 40 = 0, 2*n + 2*r - 18 = 16. Let a be p(n). Suppose 2*h = a*h - 42. Is h a composite number?
True
Let y = 29 + 8. Suppose -2*u - z = -378, 4*z + y = 3*u - 552. Is u composite?
False
Suppose -3*b = f - 6*b + 49, 0 = 4*f - 5*b + 189. Let l = 77 + f. Is l a composite number?
False
Suppose 2*t - l - 3*l = 10, -3*l - 8 = -2*t. Let j = -18 - -5. Is (j*t)/((-1)/13) prime?
False
Let c = 13288 + -9039. Is c composite?
True
Let u(w) be the first derivative of w**3/3 + 4*w**2 + 2*w - 8. Is u(-8) a prime number?
True
Suppose -8 = 2*o - b, -b = o + 3*b - 5. Let l(c) = -51*c**2 - c - 1. Let r be l(o). Let j = -316 - r. Is j a composite number?
True
Let m = -1 - -5. Is (-2)/m + 1890/12 a prime number?
True
Is (-4)/6 + (-72842)/(-66) prime?
True
Suppose 465 = x - 4*i + 50, 415 = x + 3*i. Is x prime?
False
Let r = -3 - -5. Suppose -4*a + 2*l - 28 = -2*l, r*a = 3*l - 14. Let h = 98 + a. Is h prime?
False
Suppose 0*t = 2*t - 90. Suppose -3*g = -6*g + t. Is g a prime number?
False
Let k = -2 - -1. Let m(v) = -14*v**3 + 6*v**3 - 1 - 46*v**3. Is m(k) a prime number?
True
Let t be (16 + -1)*(-12)/(-9). Let v be 424/5 - (-4)/t. Suppose -5*d + z = 3*z - v, 3*z = 15. Is d prime?
False
Let x = 1004 - 362. Suppose -d - 3*o + 61 = -106, 0 = 4*d - o - x. Is d a prime number?
False
Let q(h) = h. Let t be q(3). Let m = 9 - 7. Suppose -t*x + m*f = -66, -88 = x - 5*x - 4*f. Is x a prime number?
False
Is (-5 + 6)/((-2)/(-322)) prime?
False
Let b be (-10)/((-18)/(-10) + -2). Suppose -2*t + x - 10 = -3*t, -3*t + x + b = 0. Is t a composite number?
True
Suppose -d + 2*d + 3 = -5*q, -5*q = 4*d - 3. Suppose 2*u = -d*w + 76, -w + 3*u = -u - 43. Is w composite?
True
Let f(p) = -2*p**3 - p**2 - p. Let y be f(-1). Suppose q - y = -0. Let r = 9 - q. Is r composite?
False
Is (-12)/15 + 2/(30/867) a prime number?
False
Suppose 4*q - 3039 = 805. Is q prime?
False
Let x(m) = -m. Let h be x(-3). Suppose 0 = -h*j - 37 + 4. Is -2 - -1 - j*2 composite?
True
Suppose -6 = -4*d + 2. Suppose 0 = -d*t + 7*t - 60. Suppose 3*g - 33 + t = 0. Is g a composite number?
False
Suppose -4*l - 985 = -3*q, -3*q - q + 1276 = 4*l. Is q composite?
True
Let g(y) = y**2 + 5*y - 3. Suppose 7 = 2*r - 3*r. Is g(r) prime?
True
Let c(d) = -16*d + 25. Let h(s) = 8*s - 12. Let j(v) = 3*c(v) + 7*h(v). Let p be (-423)/(-39) + (-4)/(-26). Is j(p) a prime number?
True
Suppose 4*t = -2*s - 3*s + 1368, 1015 = 3*t + s. Suppose -p + 337 = -3*y, 0*p - t = -p - 4*y. Is p a composite number?
False
Suppose -5*b - o = -24, -3 - 1 = -4*b + 3*o. Suppose -b*k = -2*k - 196. Is k/4 + (-6)/4 prime?
True
Suppose 2*q + 516 = 5*h - h, -2*h + 2*q = -262. Let x = -62 + h. Is x a prime number?
False
Suppose -u + 418 = -5*r, r - 452 + 40 = -u. Is u composite?
True
Let b = 123 + -7. Let d = 747 - b. Is d composite?
False
Let g(f) = -12*f + 13. Is g(-10) a prime number?
False
Let v be (-28)/(-8)*(-4)/(-7). Suppose 7*n - v*n = 155. Suppose -t + 2*y = 5*y - n, -3*y - 199 = -4*t. Is t prime?
False
Suppose -6 = -2*j + 3*i - 7*i, 0 = j - 3*i - 8. Suppose -5*h + j*a + 373 - 13 = 0, -4*a = h - 82. Is h prime?
False
Let k(u) = 4*u - 7. Let t be k(9). Suppose x - t = 8. Is x a prime number?
True
Suppose 6*r = -0*r + 9534. Is r composite?
True
Let f(g) = -g**2 + 4*g. Let j be f(3). Suppose 4*p - 9 = 11. Suppose -p*d = -j*y + 92, y - 4*y + 104 = d. Is y a composite number?
True
Let u be (-4)/(-8) - (-2)/(-4). Suppose 2*i + 3*i - 70 = u. Is i composite?
True
Suppose 4*o - 1016 = -4*w, 0*o + 981 = 4*o - 3*w. Is o a prime number?
False
Let k(p) = -3*p**3 - 8*p**2 + 3*p - 3. Is k(-7) composite?
False
Suppose 0*j - 4*p + 2 = j, -5*j + 5*p - 90 = 0. Let x be 29*(0 - 1)/(-1). Let t = j + x. Is t prime?
False
Let n be 2/4 - (-36)/8. Suppose -4*o + q + 25 = 0, n*q - 10 = -5*o + 15. Is o prime?
False
Let a(b) = b**2 + b + 1. Let v be (-2)/(-6) + (-11)/(-3). Suppose -6 = v*s - s. Is a(s) composite?
False
Let n = 190 + 16. Is n a composite number?
True
Let b be -2 - 0 - (-2)/(-2). Let z(d) = 29*d**2 + d + 1. Is z(b) a prime number?
False
Suppose 0 = -2*z - 5*a + 1174 + 2524, -z = -2*a - 1831. Is z a composite number?
True
Let c(n) = 18*n**2 + 3*n - 4. Let l be c(3). Let m = 123 + l. Suppose 9*i - 4*i - m = 0. Is i composite?
True
Is (-6 - -971) + (-1 - -3) composite?
False
Suppose -82 = -x - 5*f, -5*x = -f + 2 - 334. Is x a composite number?
False
Let q be (1 + -1 - 2) + 5. Suppose 0 = o - q - 1. Suppose 5*p - 3*i + 120 = 411, 0 = -2*i - o. Is p prime?
False
Suppose 0 = -b + 315 - 68. Let t = 504 - b. Is t a composite number?
False
Let i = -56 + 79. Suppose 3*v + i = 140. Is v composite?
True
Suppose 1 = 2*x + 3*a - 3, 4*x - 8 = 4*a. Suppose 0 = -0*v - x*v + 934. Is v a composite number?
False
Let z(y) = -8*y - 2. Suppose -a - 2*p + 6 = 0, 2*p = -2*a + 7 + 3. Let b be (6/a)/((-3)/4). Is z(b) a composite number?
True
Suppose -a + 8 = -5*a. Is (196/a)/(-2)*1 prime?
False
Let y(a) = -7*a**3 - 2*a**2 + 2*a + 2. Let x be 0 - 0/(-2 - -3). Suppose -k + 2*f + 8 = x, 5*k + 2*f + 20 = -0*f. Is y(k) a prime number?
False
Suppose 0 = 37*z - 36*z - 2797. Is z prime?
True
Let z(q) = 25*q**2 + 3*q - 1. Is z(3) prime?
True
Let i = 1960 - 1269. Is i composite?
False
Suppose -2*g - 3*g = 0. Suppose 5*y + 10 = 0, 2*u - 2*y + 0*y + 66 = g. Let s = u - -58. Is s a composite number?
False
Let s(m) = 8*m**3 - 2*m**2 - 2*m + 1. Let w = -6 + 4. Let l = 4 + w. Is s(l) prime?
True
Let d b